-81
Calculate 24 - (30 - 24 - -22 - 23).
19
Calculate 6 + (4 - 17 - (15 + (-37 - -11))).
4
(3 - -100) + -154 - 54
-105
Evaluate 75 - (-24 - (-15 - 8)) - (-2 + -11 + 3).
86
What is the value of (-1 + -9 - (-483 - -508)) + -10?
-45
What is the value of -5 + 24 + (78 + 1 - -40)?
138
Evaluate -86 - -71 - (5 - (3 + -11 - 5)).
-33
Calculate (-5 + 3 + 0 - -8) + (15 - 51 - -11).
-19
What is 14 + -15 + 3 - -20 - -18?
40
Calculate 25 + (-1 - 1) + -143 + 133.
13
What is the value of 308 + -263 + -26 + -9?
10
11 - ((-49 - -48) + -6 + -13 + -4)
35
Calculate (-10 - -50) + (35 - 46 - 51).
-22
Evaluate (35 - (-2 - -15) - 26) + -43.
-47
Calculate 17 + (10 - 30) + 24 + -9 + -25.
-13
Evaluate -8846 + 8795 - (-69 - 3).
21
Evaluate 51 - 1 - ((2 - 0) + 9 + (-32 - -21)).
50
What is (0 - (0 + 95)) + 87 + -140 + 64?
-84
80 + -10 - 238 - -85
-83
What is 13 + (-77 + 89 - ((-3 - -3) + 57))?
-32
What is -4 + (101 + -2 - (383 - 409))?
121
What is 7 - (-51 + 2 + -4 + 1 - (13 - 15))?
57
What is -4 - (-13 - -5 - -1) - (-43 + (-31 - 21))?
98
Calculate 21 - (-16 + 3 - (59 - 55 - -40)).
78
What is -5 + (4 - 2) - (-30 + (47 - 23) - -19)?
-16
Evaluate 88 + -75 - (8 + -3 + (30 - 1)).
-21
What is -52 - ((-4 - 20 - (-2 - (15 + -8))) + 31)?
-68
What is the value of (-10 - (7 - 0 - (-100 + 73))) + -15?
-59
Calculate -27 + (-5 - -4) - 3 - (22 + -13) - -4.
-36
What is the value of 49 - ((23 - -32) + -34)?
28
What is the value of (57 - (5 + -12)) + 3 - (-17 - (-17 - 1))?
66
-28 + 47 + -12 + (5 + 1 - (-22 - -108))
-73
What is the value of -3 + 2 + 49 + -55 - (0 - -5 - 4)?
-8
Calculate (-8 - (17 + (16 - 59))) + -28 - 16.
-26
What is (-24 + 13 - -29) + -29 + -11?
-22
(15 - 2) + (5 - 47) + 10 + 5
-14
16 + -12 + -12 - (0 - 56) - (14 - 10)
44
(-21 - (-5 + 80)) + 110
14
Calculate -24 + 19 + 45 + -56.
-16
(-8 - 7) + (-22 - 2) + 14
-25
Evaluate -171 + (165 - 74) + 97.
17
What is (28 - 53) + -20 - -84?
39
Calculate 2 - (-10 + -3 - (10 + -1 + -51)).
-27
Evaluate 31 + 11 + -6 + 9 + (-9 - -8).
44
What is 8332 - 8334 - (33 + (-2 - -2 - 2)) - -1?
-32
Calculate (-1 - -1) + (2 + (1 - -2) - (-18 - -52)).
-29
(387 - 366 - (7 + -2 + 1) - 4) + -27
-16
What is the value of (-6 - -21) + 12 + (-71 - -1)?
-43
Calculate -176 + 181 + (0 - 53).
-48
Evaluate -2 + -4 + 83 - (4 - (16 + -30) - 5).
64
What is (6 - 6 - 15 - 47) + -1 + -4 + 5?
-62
24 + -71 - (40 + -16 - 6)
-65
Evaluate 23 + -10 - (-9 + -6 + -2 - -157).
-127
Calculate 9 - (-40 - (-3 - (2 + 8))).
36
What is the value of 6 - (0 + 15 + -10 + 8) - (64 + -27)?
-44
Calculate 0 + -2 + (26 + (-20 - -2) - (6 - -1)).
-1
What is the value of 51 + -5 + (3 - 1) + (-18 - -12)?
42
What is -128 - (-99 - -126 - 136)?
-19
13 + 21 + 1 + -59 + 139
115
What is the value of (-2 - (32 + -1)) + (107 - 87) + (1 - 17)?
-29
What is -7 - (3 - 4) - (-1792 + 1790)?
-4
What is the value of -44 + (73 + -23 - 50)?
-44
Evaluate -1543 - -1548 - (-3 - (59 - -1)).
68
12 - 10 - 20 - (6 - (7 + 6))
-11
Calculate -7 + (6 + 4 - 11) - (-15 + 91).
-84
Evaluate -151 + 156 + 3 + 1 + 15.
24
Evaluate (-14 + 18 - 60 - 5) + 11.
-50
Calculate -49 - ((13 - -3) + -17 + (10 + -4 - -11)).
-65
What is -97 + 2 - (-27 - (-8 - (3 - -6)))?
-85
What is -2 + -14 + (13 - 10) + 8?
-5
Calculate -3 - (1 - 2 - (-8 - (-25 - 12))) - -1.
28
Calculate 3 + (-28 - -9) + 15 + -54 + -36.
-91
What is -18 + 58 + -36 + -16?
-12
What is the value of 37 - -1 - (245 - 5 - 216)?
14
What is the value of 4 - 11 - (-39 + 35 - (-2 + 8 + -2))?
1
Calculate (12 - 34) + 32 - 20 - (3 - (18 + 0)).
5
What is the value of (-9 - (-15 + 5) - -17) + -5?
13
-530 + 527 - (0 + -1 - (2 - 46))
-46
Evaluate 809 + -854 - (-5 + 28).
-68
-2 - (14 - 10 - -2) - 28
-36
What is -28 - (-7 + 8 + -31 + 4) - (-68 + -1)?
67
What is the value of -90 + 0 + (150 - (299 - 169))?
-70
3868 - 3961 - (-3 + -2 + -16)
-72
(-562 - -580) + (-1 - 3) + -13
1
Calculate 9 + (-1 - 4 - (-10 + -3 + 10 + -10)).
17
What is (10 - (27 - (-8 - -9))) + -1 + 11?
-6
Calculate (0 + -2 - 61) + 44 + -21.
-40
Calculate 42 + ((-14 - -8) + 4 + 17 - 5) - 10.
42
Evaluate 35 - (-18 - (-19 + 3 + -21)) - 67.
-51
What is 0 - -16 - (333 - 290 - (-3 - -147))?
117
Evaluate (7 - 1 - 36) + 14 + -1.
-17
Evaluate (66 - 49 - -7) + -11 + 90.
103
(-7 + -28 - 7) + (203 - 221)
-60
What is the value of (48 - 58) + 16 + (-14 - (-1 - 2))?
-5
(-43 - -54) + -74 + 0 - -36
-27
Calculate (53 - (-41 - -57)) + (8 - 17).
28
What is 116 + -78 + 8 + (-7 - -1)?
40
What is -14 + (52 - 145) - -26?
-81
What is the value of 112 + -56 + -16 - 77?
-37
-13 - ((14 - (4 - -1) - 10) + 57 + 12)
-81
What is the value of -89 - (-56 - -4) - -39?
2
Calculate 26 - (-1 - -1) - (1509 - 1513).
30
(32 - (-9 + 102 + -6)) + 0 + -6
-61
What is the value of -133 + 99 + 0 + 2 - 13?
-45
Calculate -67 + (-58 - -122) + 55.
52
-28 + 17 + (3 - 9) + -25 + 21
-21
Evaluate 75 - -9 - -60 - 39.
105
29 + (-8 - (-2 - -8 - 5))
20
Calculate 11 + (-3 + 5 - 64 - (5 + (15 - 11))).
-60
What is the value of (13 - 11 - 14) + 6 + (3 - -2)?
-1
What is 118 + (-244 - -123) + 108 + (4 - 3) + -3?
103
Calculate -2 - -1 - 0 - (-1 + 100 + 2390 + -2450).
-40
Calculate 48 + -9 + -69 + 45 + -32.
-17
Calculate 78 - (-5 + 5 + (-21 + 15 + 4 - -5)).
75
What is (20 - -2) + -23 - (7 - 5)?
-3
(16 - 32) + (-7 - -25) + -18 + 3
-13
Calculate 12 + 5 - (-15 - (22 + -56)).
-2
Calculate 4 + 223 + -230 + -2 + 24 - 81.
-62
What is the value of -20 - (-25 + -1 + -77 + (-16 - 1))?
100
Evaluate -1 + 1 + 5873 + -5942.
-69
What is the value of 133 + 1 + 10399 + -10512?
21
What is the value of 14 - (-16 + (-15 - -60)) - -9 - 32?
-38
Evaluate 0 + -9 + 0 + (-70 - (-15 - 130)) + -12.
54
Calculate 1 - (-5 - 3 - (57 - 61)) - (2 - 11).
14
What is 77 - ((-58 - -8) + 66)?
61
Calculate -36 - 7 - (-52 + 60) - (3 + -18).
-36
Calculate -19 + -2 + (3129 - 3072).
36
What is -36 + (3 - 22 - -18)?
-37
What is 153 - (134 - (-137 - 18))?
-136
Evaluate 3 - (-6 + 35 + -64 + -32).
70
What is 1 + -1 + 1 + -69 + -12 + 69 - -18?
7
Evaluate (6 - -18 - -2) + 87 + -129.
-16
Evaluate 1 - 0 - (-27 - (53 - 74)).
7
Evaluate -81 - (79 + -75 + -96).
11
50 + (11 - 1) + (-1 - -4) + 0
63
-3 - (10 + -2 + (-29 - -15))
3
Calculate 4 - (-2 - (-20 + 6 + 17) - (20 - 1)).
28
2 + (-6 - 81) + (-111 - -122)
-74
Calculate (-36 + 0 - -49) + -67 + 5 + -2.
-51
Calculate 38 - (68 + -29 - 36).
35
What is -16 + 25 + (19 + 6 - 56)?
-22
8 - ((-39 - -86) + -58)
19
Evaluate (0 - 0) + -9 - (-15 + (54 - 10)).
-38
7 - (-35 - (-13 + (61 - 12) - 18))
60
Evaluate 46 + -14 + 99 - 67.
64
(-8 - -32) + -73 - -8
-41
Calculate (55 - (17 - (18 + 15))) + -27.
44
Evaluate -28 - (10 - -35 - 76).
3
What is -16 + (11 - -78) + -18 + 3?
58
What is the value of (9 - (37 + 23) - 19) + 1 + -13 - 6?
-88
What is the value of -20 - (9 + -8 + -8 - -4 - 3)?
-14
What is 108 - 208 - (-30 + -24)?
-46
Evaluate (2 + -3 - ((30 - 26) + -5)) + -4.
-4
-3 + (-18 - (-18 - (14 - 19)) - (-48 + 1))
39
-90 + 46 - (-73 + -44)
73
-3 + -5 + 94 + -19 + -17
50
What is -5 + (-17 + (33 - 25) - ((-2 - -3) + -108))?
93
(40 + -42 - (23 - (0 + -2))) + (-2 - -8)
-21
What is 46 + (-26 - 21) + 22?
21
What is (38 - 148) + 108 + (4 - (31 - 0))?
-29
Calculate -50 + 18 + 13 + 18 + (-55 - -8).
-48
What is the value of -11 - -1 - (0 + 55 - (534 + -507))?
-38
(1 - (-17 - 2) - (-2401 + 2414)) + -39
-32
(21 - 12) + (-17 + 68 - 15)
45
-3 + 5 + -5 - -4 - (-77 - (34 - 26))
86
Evaluate 8 + -5 + (12 - 1) - 65 - 0.
-51
Calculate (109 - 215) + 89 + 149.
132
Calculate 29 + 0 - (-10 + 146 + -164).
57
Calculate (2 + 1 - (16 + -10) - (4 - 4)) + -8.
-11
33 - (-29 - (-38 - (-36 + 17)))
43
Calculate (-3 - (5 - 5)) + (30 - 30).
-3
What is the value of 14 - (-61 - -145 - 4)?
-66
Calculate 85 + -80 + 33 + -4.
34
What is -153 + -9 + 116 - -117?
71
Calculate 1887 + -1967 + (97 - -1).
18
What is (-4 - ((-30 - -5) + 3)) + (-5 - -1)?
14
(-12 - -40) + (-26 - -11 - -13)
26
What is the value of (4 - -9) + -114 + 82 - (0 + 22)?
-41
What is -87 + (1 - 1) + (17 - (396 - 379))?
-87
What is -11 + (8 - 54) - -12?
-45
Evaluate (15 - (-27 - -71)) + 38.
9
What is the value of 8 + (2 - (8 - 10)) - (-37 - -5)?
44
Evaluate -10 - (-3 + -70 - (-33 + 8 + 15)).
53
0 + 5 + -61 - (257 + -278)
-35
Calculate -9 - -50 - (12 - -31).
-2
Calculate 59 - (9 + 59 + 61).
-70
9 + 34 + (-24 - 14 - -16) + -74
-53
Evaluate 1 - -2 - ((0 - -5 - (-1246 + 1272)) + 69).
-45
Evaluate 0 + 